e -b - 71 = -3*h - 4, h + 5*b - 17 = 0. Calculate the remainder when 26 is divided by h.
4
Let o be -2 + 23 + -1 + 0. Suppose 7*f - o = 2*f. Calculate the remainder when (0 - 1)*26/(-2) is divided by f.
1
Let g(n) = -5 - 4 + 0 + 3*n - 4. Let p be g(9). Suppose -k - p = -5*v + 3*k, -5*v - 2*k + 8 = 0. What is the remainder when v is divided by 1?
0
Let z be (-2 + (-1 - -8))*-19. Let j = -55 - z. Let k = -24 + j. Calculate the remainder when 46 is divided by k.
14
Suppose 5*h = 3*d + 19, -2*d - 5*h + 29 = -0*h. Let t(u) = 6*u**2 - 3*u + 1. What is the remainder when 110 is divided by t(d)?
15
What is the remainder when ((-28)/(-6))/((-6)/(-9)) is divided by 6 - 3 - (1 - 3)?
2
Let r(d) = -238*d**3 + 4*d**2 - d. What is the remainder when r(-1) is divided by 83?
77
What is the remainder when -1354*20/(-64) + 5/(-40) is divided by 8?
7
Let m(x) = -x**3 - 12*x**2 - 11*x + 8. Calculate the remainder when 164 is divided by m(-11).
4
Suppose -2*l = -2*g - 4*l + 22, g - l = 9. Let q(r) = -r**3 + 11*r**2 - 10*r + 11. What is the remainder when 30 is divided by q(g)?
8
Calculate the remainder when 11/(-18)*-182 - (-78)/(-351) is divided by 58.
53
Suppose -12*t - 3*u = -8*t - 8, t = -u + 2. Let g(l) = 3*l - 1. Let c(p) = -p. Let j(f) = 5*c(f) + 2*g(f). What is the remainder when j(5) is divided by t?
1
Let j = -1394 + 1395. Calculate the remainder when 6 is divided by j.
0
What is the remainder when 43/(8 + (-1 - 6)) is divided by 2?
1
Suppose -c = -2*x - 32, -480*c = -485*c - 4*x + 216. Let p(m) = -2*m**2 + 4*m**2 - 1 - 2*m - 2. Calculate the remainder when c is divided by p(4).
19
What is the remainder when ((-3408)/132)/((-6)/33) is divided by 37?
31
Suppose -26*h + 23*h = -15. Suppose -3*q - 65 = -h*v, 3*v - 13 = 2*v + 5*q. Calculate the remainder when (-247)/(-5) + (-2)/5 is divided by v.
10
Let y = 24 + -15. Let l = 59 - y. What is the remainder when l is divided by (-8)/(-6)*(-9 - (-342)/12)?
24
Suppose 8*g - 286 - 1394 = 0. What is the remainder when g is divided by 55?
45
Suppose -6*q = 18 - 66. Let v be (231/14)/(2/q). What is the remainder when 41 is divided by (v/9*6)/2?
19
Suppose 5*z + 4*f = 11392, 4*z = 4*f - 9*f + 9119. Calculate the remainder when z is divided by 53.
50
Suppose 9*g = 8*g. Suppose g = 2*y - 28 - 30. Let b(t) = 3*t**2 + 2*t + 2. What is the remainder when y is divided by b(-2)?
9
Calculate the remainder when 39 is divided by -1*(-8 + 5 + -2).
4
Let v = -427 - -543. What is the remainder when v is divided by 19?
2
Let g be (-7)/9*-15 + 2/6. Suppose i - 39 = -g. Calculate the remainder when i is divided by 16.
11
Let h(u) = 5*u**2 - 18*u + 51. What is the remainder when h(8) is divided by 6?
5
Suppose 5*u = -a - 134, 5*u + 2*a + 110 = -28. Let x = 55 + u. Suppose 0 = 4*s - z - 29, -z + 36 = 4*s + 1. Calculate the remainder when x is divided by s.
5
Suppose -3*t = -z + 10, 0*t + 2*z - 8 = 2*t. Let v(g) = 5 + 1 + 0 - g. Calculate the remainder when v(t) is divided by 6.
3
Let j = 2 + -7. Let m(r) = r + 11. Calculate the remainder when 2/9 - 151/(-9) is divided by m(j).
5
What is the remainder when 150 is divided by (-144)/48*52/(-3)?
46
Let g(o) = -6*o**3 - 3*o**2 - 5*o - 2. Calculate the remainder when 28 is divided by g(-1).
4
Let o(k) = -2*k**3 + 16*k**2 + 12*k - 18. What is the remainder when o(8) is divided by 16?
14
Suppose 5*d = -4*l + 53, 2*l = -4*d - 16 + 44. Suppose k = -k - 6. What is the remainder when l is divided by (2/k)/(6/(-45))?
2
Suppose -6*h + 3*h + 5*c = -507, 3*h - 2*c = 498. Calculate the remainder when h is divided by 44.
32
Suppose -2*p - 2 = -r - 10, 3*p - 4*r - 22 = 0. Suppose 0 = -p*i - 5*s + 108, -7*s + 236 = 5*i - 3*s. What is the remainder when i is divided by 23?
21
Let a = 14 + -39. Let t = 22 + a. What is the remainder when (t/6)/((-4)/376) is divided by 24?
23
Let u = -11 - -15. Let j(y) = 44*y**2 + y. Let k be j(-1). Suppose a = -3*s + 6*a + k, 5*a + 13 = -2*s. Calculate the remainder when s is divided by u.
2
Let n be (36/(-15))/(3/(-40)). Suppose -37*g + 35 = -n*g. What is the remainder when 27 is divided by g?
6
Let t = 108 - 37. Let h = t + -48. Calculate the remainder when 89 is divided by h.
20
Suppose -6*g = -4*g - 42. Let n = 0 + -4. Let d = n + 16. Calculate the remainder when g is divided by d.
9
Suppose -k - 3*p = 46 - 138, 2*k + 5*p = 186. What is the remainder when k is divided by 55?
43
Suppose -2*f - 3*f + 5*o = -75, -20 = 5*o. What is the remainder when (-326)/(-6) - ((-50)/(-15) - 3) is divided by f?
10
Let u(x) = x**2 + 20. Suppose 5*a = -5*z - 230, 7*a + 189 = -4*z + 4*a. Let m = z - -89. What is the remainder when m is divided by u(0)?
18
Suppose 0 = 4*o + 12, -17*o = -4*v - 13*o + 428. Calculate the remainder when 164 is divided by v.
60
Let n(a) = -2*a**3 + 2*a + 1. Let k be n(-1). Calculate the remainder when 79 is divided by (((-9)/(-6))/k)/(3/82).
38
Let n(v) = -6*v**3 - 4*v**2 - 8*v - 7. Let c be n(-2). Suppose 5*r + 2*f = f + 56, 4*r = 3*f + c. Calculate the remainder when r is divided by 8.
3
Let v(o) be the first derivative of 105/2*o**2 + o + 3. Calculate the remainder when v(1) is divided by 27.
25
Suppose 332 = 2*r + 132. Calculate the remainder when 1499 is divided by r.
99
Suppose -5*a + 601 = -109. Let j(s) = -s**3 + 10*s**2 + s - 18. What is the remainder when a is divided by j(3)?
46
Calculate the remainder when 148 is divided by 31 - (6/9)/((-6)/(-9)).
28
Let h(m) = 3*m**2 - 3*m - 3. Suppose t + 4*t = 20. Suppose 0*f + 603 + 153 = 42*f. What is the remainder when h(t) is divided by f?
15
Let s(y) = 19*y**2 - y - 1. Let f(j) = j**2 + 33*j + 56. Let c be f(-29). Let x = -49 - c. Calculate the remainder when s(-1) is divided by x.
8
Suppose x - 4*b = -31, 0*b - 2 = 2*b. Let i = 77 + x. Calculate the remainder when i is divided by 16.
10
Suppose -j + 9 = -0*j + 4*r, -2*j + 14 = 4*r. What is the remainder when j is divided by 3?
2
Let b be (58/(-4) + -4)*2. Let t = -23 - b. Let s = -4 + 9. Calculate the remainder when t is divided by s.
4
Let x = 1742 + -1724. Calculate the remainder when 73 is divided by x.
1
Let y(o) = 3*o + 132. What is the remainder when 688 is divided by y(-37)?
16
Let r = -72 - -80. What is the remainder when 0 + 4/r*166 is divided by 29?
25
Let h(t) = -t**2 + 14*t + 11. Suppose 74 = 18*n - 142. What is the remainder when h(9) is divided by n?
8
Let z(r) = r - 2. Let u = 5 - 1. Let y be z(u). Calculate the remainder when -1 - (y + 147/(-3)) is divided by 12.
10
Let d(x) = -x**2 - x + 25. Suppose -g + v = -v - 66, 3*v = -2*g + 160. What is the remainder when g is divided by d(0)?
24
Let d(k) be the third derivative of 41*k**4/24 - k**3/2 + 10*k**2. Let c be d(3). Suppose -6*h = -24 - c. Calculate the remainder when h is divided by 5.
4
Let s be (-14)/3*45/6. Let f = -22 - s. What is the remainder when f is divided by 1*63/(-70)*-10?
4
Suppose 7 = 4*q - 57. Let f = q - -21. Let z = 15 - 5. What is the remainder when f is divided by z?
7
Let r = -10 + 2. Let p be (5 + r)*1/(-3). Calculate the remainder when -39*((-20)/12 + p) is divided by 9.
8
Let j be -1*7/(35/(-20)). What is the remainder when 20 is divided by 42/j*2/3?
6
Let n = -9 - -6. Let v(p) = -8*p - 3. Let x be v(n). Let s = x + -5. What is the remainder when 46 is divided by s?
14
Let r(v) = -37*v + 10. Let b(p) = -184*p + 48. Let w(q) = 5*b(q) - 24*r(q). Suppose -2*f = -m, -3 = -m - 5. What is the remainder when 125 is divided by w(f)?
29
Let q = -32 - -86. Suppose -8*u + q + 250 = 0. Calculate the remainder when u is divided by 21.
17
Let q be (-86)/(-11) + (-10)/(-55). What is the remainder when 29 is divided by (-2 - (-68)/4)*q/12?
9
Let v be (-3)/21 + 3638/(-14). Let z = v - -147. Let t = -72 - z. Calculate the remainder when t is divided by 11.
8
Let g(u) = 11*u + 88. Let i(n) = 4*n + 29. Let x(m) = 3*g(m) - 8*i(m). Calculate the remainder when x(-18) is divided by 7.
0
Suppose -10*u = -2 - 38. Suppose 0 = u*q - 2*y - y - 28, 2*y = -5*q + 12. Calculate the remainder when 63 is divided by q.
3
Suppose -3*a = -2*g - 178, 4*g = -a - 3*a + 264. What is the remainder when a is divided by 17?
11
Suppose 68 = -147*z + 151*z. Calculate the remainder when 47 is divided by z.
13
Suppose -10 = q - 71. What is the remainder when q is divided by 8?
5
Let b = 138 + -121. What is the 